{"id":260,"date":"2019-01-04T11:30:58","date_gmt":"2019-01-04T10:30:58","guid":{"rendered":"http:\/\/192.168.0.1\/ChouetteEnvol\/?page_id=260"},"modified":"2025-12-21T14:30:20","modified_gmt":"2025-12-21T13:30:20","slug":"les-prochaines-dates","status":"publish","type":"page","link":"https:\/\/www.chouetteenvol.fr\/index.php\/les-prochaines-dates\/","title":{"rendered":"Comment et quand \u00e7a se passe ?"},"content":{"rendered":"\n<p><strong>Chouette Envol organise r\u00e9guli\u00e8rement des sessions de vols en parapente en Bourgogne autour de Dijon. <\/strong><\/p>\n\n\n\n<p><strong>Programme pr\u00e9visionnel 2026<\/strong><\/p>\n\n\n\n<ul class=\"wp-block-list\">\n<li>\u267f 10 ou 11 avril : Chaux ou Francheville;<\/li>\n\n\n\n<li>\u267f 29 ou 30 mai : Chaux ou Francheville;<\/li>\n\n\n\n<li>\u267f\u00a0 8 au 12 juin : s\u00e9jour th\u00e9rapeutique de l&rsquo;h\u00f4pital de Semur \u00e0 Passy;<\/li>\n\n\n\n<li>\u267f\u00a0 24 juin : Coll\u00e8ge La Champagne de Brochon;<\/li>\n\n\n\n<li>\u267f <strong>24 ao\u00fbt au 30 ao\u00fbt <\/strong>: Chouette Camp &#8211;\u00a0 Ch\u00e2tillon sur Seine;<\/li>\n\n\n\n<li>\u267f 25 ou 26 septembre : Chaux ou Francheville;<\/li>\n\n\n\n<li>\u267f 9 ou 10 octobre : Chaux ou Francheville;<\/li>\n<\/ul>\n\n\n\n<p>Inscription &amp; r\u00e9servation obligatoire.<\/p>\n\n\n\n<p class=\"has-text-align-left\">\u2665 Si vous avez un projet, n&rsquo;h\u00e9sitez pas \u00e0 nous contacter <a href=\"mailto:chouetteenvol@gmail.com\"><strong>chouetteenvol@gmail.com<\/strong><\/a><\/p>\n\n\n\n<p><strong>Comment \u00e7a se passe ? <br><\/strong><\/p>\n\n\n\n<p>La s\u00e9ance est programm\u00e9e pour un jour donn\u00e9 (en semaine ou en week-end) avec <strong>un report au lendemain <\/strong>en cas de mauvaises conditions m\u00e9t\u00e9orologiques. La confirmation se fait l&rsquo;avant veille. Le lieu exact vous sera alors communiqu\u00e9. Pr\u00e9voir la journ\u00e9e \u00e0 partir de 11h.<\/p>\n\n\n\n<p><strong>Horaires<\/strong> : \u00e0 partir de 11h00<\/p>\n\n\n\n<p><strong>Que faut-il pr\u00e9voir <\/strong>?<\/p>\n\n\n\n<ul class=\"wp-block-list\">\n<li>Des v\u00eatements chauds, coupe vent, lunettes de soleil, cr\u00e8me solaire, de quoi se d\u00e9salt\u00e9rer.<\/li>\n\n\n\n<li>Le parapente est un sport de pleine nature. Des toilettes sont malheureusement indisponibles sur site.<\/li>\n\n\n\n<li>Appareils de prise de vue&#8230;<\/li>\n\n\n\n<li>Une autorisation \u00e9crite parentale ou du tuteur s&rsquo;il n&rsquo;est pas pr\u00e9sent sur site.<\/li>\n\n\n\n<li>Un avis m\u00e9dical suivant votre pathologie.<\/li>\n\n\n\n<li>Sa bonne humeur !<\/li>\n<\/ul>\n\n\n\n<p><strong>Combien \u00e7a co\u00fbte ?<\/strong><\/p>\n\n\n\n<p>Le parapente est une activit\u00e9 co\u00fbteuse en temps et en argent. Tous les acteurs sont b\u00e9n\u00e9voles et sans nos m\u00e9c\u00e8nes, le projet ne serait pas viable. Donnez ce que vous voulez pour continuer \u00e0 faire vivre ce projet !<\/p>\n\n\n\n<p><strong>Est-ce dangereux ? <br><\/strong><\/p>\n\n\n\n<p class=\"has-text-align-left\">Le parapente est une activit\u00e9 dite \u00e0 \u201denvironnement sp\u00e9cifique\u201d. La prise de risque est minimis\u00e9e :<\/p>\n\n\n\n<ul class=\"wp-block-list\">\n<li>par la prise en compte de l&rsquo;environnement, en particulier la m\u00e9t\u00e9orologie,<\/li>\n\n\n\n<li>tous les vols sont assur\u00e9s par des pilotes qualifi\u00e9s par la F\u00e9d\u00e9ration Fran\u00e7aise de Vol Libre,<\/li>\n\n\n\n<li>une analyse m\u00e9t\u00e9o soign\u00e9e est effectu\u00e9e avant la s\u00e9ance comme le suivi de l&rsquo;\u00e9volution des conditions m\u00e9t\u00e9orologiques pendant la s\u00e9ance,<\/li>\n\n\n\n<li>le mat\u00e9riel est soigneusement entretenu et contr\u00f4l\u00e9 en conformit\u00e9 avec les pr\u00e9conisations des constructeurs.<\/li>\n<\/ul>\n\n\n\n<p><strong>Une organisation souple !<br><\/strong><\/p>\n\n\n\n<p>Si vous avez des dates pr\u00e9cises, <a href=\"mailto:chouetteenvol@gmail.com\">Chouette Envol<\/a> fera son possible pour satisfaire vos envies.<\/p>\n\n\n\n<p><a href=\"https:\/\/www.chouetteenvol.fr\/index.php\/le-treuil-comment-ca-marche\/\"><strong>Comment d\u00e9colle-t-on \u00e0 l&rsquo;aide du treuil ?<\/strong><\/a><\/p>\n\n\n\n<h5 class=\"wp-block-heading\">&nbsp;<\/h5>\n\n\n\n<p><\/p>\n\n\n\n<p><mark style=\"background-color:rgba(0, 0, 0, 0);color:#ffffff\" class=\"has-inline-color\">parapente dijon bourgogne c\u00f4te d&rsquo;or handicap ffvl hand&rsquo;icare<\/mark><\/p>\n","protected":false},"excerpt":{"rendered":"<p>Chouette Envol organise r\u00e9guli\u00e8rement des sessions de vols en parapente en Bourgogne autour de Dijon. Programme pr\u00e9visionnel 2026 Inscription &amp; r\u00e9servation obligatoire. \u2665 Si vous avez un projet, n&rsquo;h\u00e9sitez pas [&hellip;]<\/p>\n","protected":false},"author":4,"featured_media":0,"parent":0,"menu_order":0,"comment_status":"closed","ping_status":"closed","template":"","meta":{"footnotes":""},"class_list":["post-260","page","type-page","status-publish","hentry"],"_links":{"self":[{"href":"https:\/\/www.chouetteenvol.fr\/index.php\/wp-json\/wp\/v2\/pages\/260","targetHints":{"allow":["GET"]}}],"collection":[{"href":"https:\/\/www.chouetteenvol.fr\/index.php\/wp-json\/wp\/v2\/pages"}],"about":[{"href":"https:\/\/www.chouetteenvol.fr\/index.php\/wp-json\/wp\/v2\/types\/page"}],"author":[{"embeddable":true,"href":"https:\/\/www.chouetteenvol.fr\/index.php\/wp-json\/wp\/v2\/users\/4"}],"replies":[{"embeddable":true,"href":"https:\/\/www.chouetteenvol.fr\/index.php\/wp-json\/wp\/v2\/comments?post=260"}],"version-history":[{"count":113,"href":"https:\/\/www.chouetteenvol.fr\/index.php\/wp-json\/wp\/v2\/pages\/260\/revisions"}],"predecessor-version":[{"id":1312,"href":"https:\/\/www.chouetteenvol.fr\/index.php\/wp-json\/wp\/v2\/pages\/260\/revisions\/1312"}],"wp:attachment":[{"href":"https:\/\/www.chouetteenvol.fr\/index.php\/wp-json\/wp\/v2\/media?parent=260"}],"curies":[{"name":"wp","href":"https:\/\/api.w.org\/{rel}","templated":true}]}}