{"id":199,"date":"2019-01-04T09:52:43","date_gmt":"2019-01-04T08:52:43","guid":{"rendered":"http:\/\/192.168.0.1\/ChouetteEnvol\/?page_id=199"},"modified":"2025-11-26T20:02:32","modified_gmt":"2025-11-26T19:02:32","slug":"en-video","status":"publish","type":"page","link":"https:\/\/www.chouetteenvol.fr\/index.php\/en-video\/","title":{"rendered":"Le projet en images"},"content":{"rendered":"\n<figure class=\"wp-block-image size-large\"><img loading=\"lazy\" decoding=\"async\" width=\"1024\" height=\"652\" src=\"https:\/\/www.chouetteenvol.fr\/wp-content\/uploads\/2022\/12\/IMG_7940a.resized-1024x652.jpg\" alt=\"\" class=\"wp-image-1053\" srcset=\"https:\/\/www.chouetteenvol.fr\/wp-content\/uploads\/2022\/12\/IMG_7940a.resized-1024x652.jpg 1024w, https:\/\/www.chouetteenvol.fr\/wp-content\/uploads\/2022\/12\/IMG_7940a.resized-300x191.jpg 300w, https:\/\/www.chouetteenvol.fr\/wp-content\/uploads\/2022\/12\/IMG_7940a.resized-768x489.jpg 768w, https:\/\/www.chouetteenvol.fr\/wp-content\/uploads\/2022\/12\/IMG_7940a.resized.jpg 1280w\" sizes=\"auto, (max-width: 1024px) 100vw, 1024px\" \/><\/figure>\n\n\n\n<p>Ces vid\u00e9os ont \u00e9t\u00e9 mont\u00e9es avec des images prises lors des op\u00e9rations Chouette Envol.<\/p>\n\n\n\n<p>A consommer sans mod\u00e9ration !  <\/p>\n\n\n\n<figure class=\"wp-block-embed is-type-video is-provider-youtube wp-block-embed-youtube wp-embed-aspect-16-9 wp-has-aspect-ratio\"><div class=\"wp-block-embed__wrapper\">\n<iframe loading=\"lazy\" title=\"Tout l\u00e0 haut !\" width=\"640\" height=\"360\" src=\"https:\/\/www.youtube.com\/embed\/szTNmT8rIzA?feature=oembed\" frameborder=\"0\" allow=\"accelerometer; autoplay; clipboard-write; encrypted-media; gyroscope; picture-in-picture; web-share\" referrerpolicy=\"strict-origin-when-cross-origin\" allowfullscreen><\/iframe>\n<\/div><\/figure>\n\n\n\n<figure class=\"wp-block-embed is-type-video is-provider-youtube wp-block-embed-youtube wp-embed-aspect-16-9 wp-has-aspect-ratio\"><div class=\"wp-block-embed__wrapper\">\n<iframe loading=\"lazy\" title=\"2024, toujours plus haut !\" width=\"640\" height=\"360\" src=\"https:\/\/www.youtube.com\/embed\/tGKXn2RjYKs?feature=oembed\" frameborder=\"0\" allow=\"accelerometer; autoplay; clipboard-write; encrypted-media; gyroscope; picture-in-picture; web-share\" referrerpolicy=\"strict-origin-when-cross-origin\" allowfullscreen><\/iframe>\n<\/div><\/figure>\n\n\n\n<figure class=\"wp-block-embed is-type-video is-provider-youtube wp-block-embed-youtube wp-embed-aspect-16-9 wp-has-aspect-ratio\"><div class=\"wp-block-embed__wrapper\">\n<iframe loading=\"lazy\" title=\"Chouette Envol vous donne des ailes !\" width=\"640\" height=\"360\" src=\"https:\/\/www.youtube.com\/embed\/W1MaE00MHgY?feature=oembed\" frameborder=\"0\" allow=\"accelerometer; autoplay; clipboard-write; encrypted-media; gyroscope; picture-in-picture; web-share\" referrerpolicy=\"strict-origin-when-cross-origin\" allowfullscreen><\/iframe>\n<\/div><\/figure>\n\n\n\n<figure class=\"wp-block-embed is-type-video is-provider-youtube wp-block-embed-youtube wp-embed-aspect-16-9 wp-has-aspect-ratio\"><div class=\"wp-block-embed__wrapper\">\n<iframe loading=\"lazy\" title=\"2022, l&#039;aventure Chouette Envol continue....\" width=\"640\" height=\"360\" src=\"https:\/\/www.youtube.com\/embed\/AZ2_pmprJZs?feature=oembed\" frameborder=\"0\" allow=\"accelerometer; autoplay; clipboard-write; encrypted-media; gyroscope; picture-in-picture; web-share\" referrerpolicy=\"strict-origin-when-cross-origin\" allowfullscreen><\/iframe>\n<\/div><\/figure>\n\n\n\n<figure class=\"wp-block-embed is-type-video is-provider-youtube wp-block-embed-youtube wp-embed-aspect-16-9 wp-has-aspect-ratio\"><div class=\"wp-block-embed__wrapper\">\n<iframe loading=\"lazy\" title=\"Un weekend de parapente \u00e0 Ch\u00e2tillon sur Seine\" width=\"640\" height=\"360\" src=\"https:\/\/www.youtube.com\/embed\/uNpxiSyXlV8?feature=oembed\" frameborder=\"0\" allow=\"accelerometer; autoplay; clipboard-write; encrypted-media; gyroscope; picture-in-picture; web-share\" referrerpolicy=\"strict-origin-when-cross-origin\" allowfullscreen><\/iframe>\n<\/div><\/figure>\n\n\n\n<figure class=\"wp-block-embed is-type-video is-provider-youtube wp-block-embed-youtube wp-embed-aspect-16-9 wp-has-aspect-ratio\"><div class=\"wp-block-embed__wrapper\">\n<iframe loading=\"lazy\" title=\"Chouette Envol\" width=\"640\" height=\"360\" src=\"https:\/\/www.youtube.com\/embed\/sRpeE5VHB3Q?feature=oembed\" frameborder=\"0\" allow=\"accelerometer; autoplay; clipboard-write; encrypted-media; gyroscope; picture-in-picture; web-share\" referrerpolicy=\"strict-origin-when-cross-origin\" allowfullscreen><\/iframe>\n<\/div><\/figure>\n\n\n\n<figure class=\"wp-block-embed is-type-video is-provider-youtube wp-block-embed-youtube wp-embed-aspect-16-9 wp-has-aspect-ratio\"><div class=\"wp-block-embed__wrapper\">\n<iframe loading=\"lazy\" title=\"Chouette Envol   R\u00e9trospective 2020\" width=\"640\" height=\"360\" src=\"https:\/\/www.youtube.com\/embed\/NInufpdzns4?feature=oembed\" frameborder=\"0\" allow=\"accelerometer; autoplay; clipboard-write; encrypted-media; gyroscope; picture-in-picture; web-share\" referrerpolicy=\"strict-origin-when-cross-origin\" allowfullscreen><\/iframe>\n<\/div><\/figure>\n\n\n\n<!--more-->\n\n\n\n<figure class=\"wp-block-embed is-type-video is-provider-youtube wp-block-embed-youtube wp-embed-aspect-16-9 wp-has-aspect-ratio\"><div class=\"wp-block-embed__wrapper\">\n<iframe loading=\"lazy\" title=\"S\u00e9jour th\u00e9rapeutique de l&#039;h\u00f4pital d&#039;enfants du CHU de Dijon (2019)\" width=\"640\" height=\"360\" src=\"https:\/\/www.youtube.com\/embed\/_baj2vBgjGs?feature=oembed\" frameborder=\"0\" allow=\"accelerometer; autoplay; clipboard-write; encrypted-media; gyroscope; picture-in-picture; web-share\" referrerpolicy=\"strict-origin-when-cross-origin\" allowfullscreen><\/iframe>\n<\/div><figcaption class=\"wp-element-caption\">H\u00f4pital d&rsquo;enfants du CHU de Dijon<\/figcaption><\/figure>\n\n\n\n<figure class=\"wp-block-embed is-type-video is-provider-youtube wp-block-embed-youtube wp-embed-aspect-16-9 wp-has-aspect-ratio\"><div class=\"wp-block-embed__wrapper\">\n<iframe loading=\"lazy\" title=\"M\u00e9diation 2017\" width=\"640\" height=\"360\" src=\"https:\/\/www.youtube.com\/embed\/kVqFAYE0KLI?start=9&#038;feature=oembed\" frameborder=\"0\" allow=\"accelerometer; autoplay; clipboard-write; encrypted-media; gyroscope; picture-in-picture; web-share\" referrerpolicy=\"strict-origin-when-cross-origin\" allowfullscreen><\/iframe>\n<\/div><figcaption class=\"wp-element-caption\">avec le CHU<\/figcaption><\/figure>\n\n\n\n<figure class=\"wp-block-embed is-type-video is-provider-vimeo wp-block-embed-vimeo wp-embed-aspect-21-9 wp-has-aspect-ratio\"><div class=\"wp-block-embed__wrapper\">\n<iframe loading=\"lazy\" title=\"Les ailes de Bourgogne vous pr\u00e9sentent le hand&#039;Icare.\" src=\"https:\/\/player.vimeo.com\/video\/294324121?dnt=1&amp;app_id=122963\" width=\"640\" height=\"272\" frameborder=\"0\" allow=\"autoplay; fullscreen; picture-in-picture; clipboard-write\"><\/iframe>\n<\/div><figcaption class=\"wp-element-caption\">Chaux<\/figcaption><\/figure>\n\n\n\n<figure class=\"wp-block-embed is-type-video is-provider-youtube wp-block-embed-youtube wp-embed-aspect-16-9 wp-has-aspect-ratio\"><div class=\"wp-block-embed__wrapper\">\n<iframe loading=\"lazy\" title=\"Les Ailes de Bourgogne  - Hand&#039;Icare\" width=\"640\" height=\"360\" src=\"https:\/\/www.youtube.com\/embed\/0jgsDOJvhMw?start=128&#038;feature=oembed\" frameborder=\"0\" allow=\"accelerometer; autoplay; clipboard-write; encrypted-media; gyroscope; picture-in-picture; web-share\" referrerpolicy=\"strict-origin-when-cross-origin\" allowfullscreen><\/iframe>\n<\/div><figcaption class=\"wp-element-caption\">Chatillon sur Seine<\/figcaption><\/figure>\n\n\n\n<figure class=\"wp-block-embed is-type-video is-provider-youtube wp-block-embed-youtube wp-embed-aspect-16-9 wp-has-aspect-ratio\"><div class=\"wp-block-embed__wrapper\">\n<iframe loading=\"lazy\" title=\"Les Ailes de Bourgogne - Handi&#039;Icare\" width=\"640\" height=\"360\" src=\"https:\/\/www.youtube.com\/embed\/-nOZPKx_hqc?start=101&#038;feature=oembed\" frameborder=\"0\" allow=\"accelerometer; autoplay; clipboard-write; encrypted-media; gyroscope; picture-in-picture; web-share\" referrerpolicy=\"strict-origin-when-cross-origin\" allowfullscreen><\/iframe>\n<\/div><figcaption class=\"wp-element-caption\">Village Famille R\u00e9pis et l&rsquo;AFM<\/figcaption><\/figure>\n\n\n\n<figure class=\"wp-block-embed is-type-video is-provider-youtube wp-block-embed-youtube wp-embed-aspect-16-9 wp-has-aspect-ratio\"><div class=\"wp-block-embed__wrapper\">\n<iframe loading=\"lazy\" title=\"Hand&#039;Icare, les ailes de bourgogne\" width=\"640\" height=\"360\" src=\"https:\/\/www.youtube.com\/embed\/jx9i7EaL3F0?feature=oembed\" frameborder=\"0\" allow=\"accelerometer; autoplay; clipboard-write; encrypted-media; gyroscope; picture-in-picture; web-share\" referrerpolicy=\"strict-origin-when-cross-origin\" allowfullscreen><\/iframe>\n<\/div><figcaption class=\"wp-element-caption\">Un focus sur la technique<\/figcaption><\/figure>\n\n\n\n<p><span style=\"color:#ffffff\" class=\"has-inline-color\"><\/span><span style=\"color:#ffffff\" class=\"has-inline-color\">parapente dijon bourgogne c\u00f4te d&rsquo;or handicap ffvl hand&rsquo;icare<\/span><\/p>\n","protected":false},"excerpt":{"rendered":"<p>Ces vid\u00e9os ont \u00e9t\u00e9 mont\u00e9es avec des images prises lors des op\u00e9rations Chouette Envol. A consommer sans mod\u00e9ration !<\/p>\n","protected":false},"author":4,"featured_media":0,"parent":0,"menu_order":0,"comment_status":"closed","ping_status":"closed","template":"","meta":{"footnotes":""},"class_list":["post-199","page","type-page","status-publish","hentry"],"_links":{"self":[{"href":"https:\/\/www.chouetteenvol.fr\/index.php\/wp-json\/wp\/v2\/pages\/199","targetHints":{"allow":["GET"]}}],"collection":[{"href":"https:\/\/www.chouetteenvol.fr\/index.php\/wp-json\/wp\/v2\/pages"}],"about":[{"href":"https:\/\/www.chouetteenvol.fr\/index.php\/wp-json\/wp\/v2\/types\/page"}],"author":[{"embeddable":true,"href":"https:\/\/www.chouetteenvol.fr\/index.php\/wp-json\/wp\/v2\/users\/4"}],"replies":[{"embeddable":true,"href":"https:\/\/www.chouetteenvol.fr\/index.php\/wp-json\/wp\/v2\/comments?post=199"}],"version-history":[{"count":40,"href":"https:\/\/www.chouetteenvol.fr\/index.php\/wp-json\/wp\/v2\/pages\/199\/revisions"}],"predecessor-version":[{"id":1309,"href":"https:\/\/www.chouetteenvol.fr\/index.php\/wp-json\/wp\/v2\/pages\/199\/revisions\/1309"}],"wp:attachment":[{"href":"https:\/\/www.chouetteenvol.fr\/index.php\/wp-json\/wp\/v2\/media?parent=199"}],"curies":[{"name":"wp","href":"https:\/\/api.w.org\/{rel}","templated":true}]}}

<figure class="wp-block-image size-large"><img loading="lazy" decoding="async" width="1024" height="652" src="https://www.chouetteenvol.fr/wp-content/uploads/2022/12/IMG_7940a.resized-1024x652.jpg" alt="" class="wp-image-1053" srcset="https://www.chouetteenvol.fr/wp-content/uploads/2022/12/IMG_7940a.resized-1024x652.jpg 1024w, https://www.chouetteenvol.fr/wp-content/uploads/2022/12/IMG_7940a.resized-300x191.jpg 300w, https://www.chouetteenvol.fr/wp-content/uploads/2022/12/IMG_7940a.resized-768x489.jpg 768w, https://www.chouetteenvol.fr/wp-content/uploads/2022/12/IMG_7940a.resized.jpg 1280w" sizes="auto, (max-width: 1024px) 100vw, 1024px" /></figure>



<p>Ces vidéos ont été montées avec des images prises lors des opérations Chouette Envol.</p>



<p>A consommer sans modération !  </p>



<figure class="wp-block-embed is-type-video is-provider-youtube wp-block-embed-youtube wp-embed-aspect-16-9 wp-has-aspect-ratio"><div class="wp-block-embed__wrapper">
<iframe loading="lazy" title="Tout là haut !" width="640" height="360" src="https://www.youtube.com/embed/szTNmT8rIzA?feature=oembed" frameborder="0" allow="accelerometer; autoplay; clipboard-write; encrypted-media; gyroscope; picture-in-picture; web-share" referrerpolicy="strict-origin-when-cross-origin" allowfullscreen></iframe>
</div></figure>



<figure class="wp-block-embed is-type-video is-provider-youtube wp-block-embed-youtube wp-embed-aspect-16-9 wp-has-aspect-ratio"><div class="wp-block-embed__wrapper">
<iframe loading="lazy" title="2024, toujours plus haut !" width="640" height="360" src="https://www.youtube.com/embed/tGKXn2RjYKs?feature=oembed" frameborder="0" allow="accelerometer; autoplay; clipboard-write; encrypted-media; gyroscope; picture-in-picture; web-share" referrerpolicy="strict-origin-when-cross-origin" allowfullscreen></iframe>
</div></figure>



<figure class="wp-block-embed is-type-video is-provider-youtube wp-block-embed-youtube wp-embed-aspect-16-9 wp-has-aspect-ratio"><div class="wp-block-embed__wrapper">
<iframe loading="lazy" title="Chouette Envol vous donne des ailes !" width="640" height="360" src="https://www.youtube.com/embed/W1MaE00MHgY?feature=oembed" frameborder="0" allow="accelerometer; autoplay; clipboard-write; encrypted-media; gyroscope; picture-in-picture; web-share" referrerpolicy="strict-origin-when-cross-origin" allowfullscreen></iframe>
</div></figure>



<figure class="wp-block-embed is-type-video is-provider-youtube wp-block-embed-youtube wp-embed-aspect-16-9 wp-has-aspect-ratio"><div class="wp-block-embed__wrapper">
<iframe loading="lazy" title="2022, l&#039;aventure Chouette Envol continue...." width="640" height="360" src="https://www.youtube.com/embed/AZ2_pmprJZs?feature=oembed" frameborder="0" allow="accelerometer; autoplay; clipboard-write; encrypted-media; gyroscope; picture-in-picture; web-share" referrerpolicy="strict-origin-when-cross-origin" allowfullscreen></iframe>
</div></figure>



<figure class="wp-block-embed is-type-video is-provider-youtube wp-block-embed-youtube wp-embed-aspect-16-9 wp-has-aspect-ratio"><div class="wp-block-embed__wrapper">
<iframe loading="lazy" title="Un weekend de parapente à Châtillon sur Seine" width="640" height="360" src="https://www.youtube.com/embed/uNpxiSyXlV8?feature=oembed" frameborder="0" allow="accelerometer; autoplay; clipboard-write; encrypted-media; gyroscope; picture-in-picture; web-share" referrerpolicy="strict-origin-when-cross-origin" allowfullscreen></iframe>
</div></figure>



<figure class="wp-block-embed is-type-video is-provider-youtube wp-block-embed-youtube wp-embed-aspect-16-9 wp-has-aspect-ratio"><div class="wp-block-embed__wrapper">
<iframe loading="lazy" title="Chouette Envol" width="640" height="360" src="https://www.youtube.com/embed/sRpeE5VHB3Q?feature=oembed" frameborder="0" allow="accelerometer; autoplay; clipboard-write; encrypted-media; gyroscope; picture-in-picture; web-share" referrerpolicy="strict-origin-when-cross-origin" allowfullscreen></iframe>
</div></figure>



<figure class="wp-block-embed is-type-video is-provider-youtube wp-block-embed-youtube wp-embed-aspect-16-9 wp-has-aspect-ratio"><div class="wp-block-embed__wrapper">
<iframe loading="lazy" title="Chouette Envol   Rétrospective 2020" width="640" height="360" src="https://www.youtube.com/embed/NInufpdzns4?feature=oembed" frameborder="0" allow="accelerometer; autoplay; clipboard-write; encrypted-media; gyroscope; picture-in-picture; web-share" referrerpolicy="strict-origin-when-cross-origin" allowfullscreen></iframe>
</div></figure>



<!--more-->



<figure class="wp-block-embed is-type-video is-provider-youtube wp-block-embed-youtube wp-embed-aspect-16-9 wp-has-aspect-ratio"><div class="wp-block-embed__wrapper">
<iframe loading="lazy" title="Séjour thérapeutique de l&#039;hôpital d&#039;enfants du CHU de Dijon (2019)" width="640" height="360" src="https://www.youtube.com/embed/_baj2vBgjGs?feature=oembed" frameborder="0" allow="accelerometer; autoplay; clipboard-write; encrypted-media; gyroscope; picture-in-picture; web-share" referrerpolicy="strict-origin-when-cross-origin" allowfullscreen></iframe>
</div><figcaption class="wp-element-caption">Hôpital d&rsquo;enfants du CHU de Dijon</figcaption></figure>



<figure class="wp-block-embed is-type-video is-provider-youtube wp-block-embed-youtube wp-embed-aspect-16-9 wp-has-aspect-ratio"><div class="wp-block-embed__wrapper">
<iframe loading="lazy" title="Médiation 2017" width="640" height="360" src="https://www.youtube.com/embed/kVqFAYE0KLI?start=9&#038;feature=oembed" frameborder="0" allow="accelerometer; autoplay; clipboard-write; encrypted-media; gyroscope; picture-in-picture; web-share" referrerpolicy="strict-origin-when-cross-origin" allowfullscreen></iframe>
</div><figcaption class="wp-element-caption">avec le CHU</figcaption></figure>



<figure class="wp-block-embed is-type-video is-provider-vimeo wp-block-embed-vimeo wp-embed-aspect-21-9 wp-has-aspect-ratio"><div class="wp-block-embed__wrapper">
<iframe loading="lazy" title="Les ailes de Bourgogne vous présentent le hand&#039;Icare." src="https://player.vimeo.com/video/294324121?dnt=1&amp;app_id=122963" width="640" height="272" frameborder="0" allow="autoplay; fullscreen; picture-in-picture; clipboard-write"></iframe>
</div><figcaption class="wp-element-caption">Chaux</figcaption></figure>



<figure class="wp-block-embed is-type-video is-provider-youtube wp-block-embed-youtube wp-embed-aspect-16-9 wp-has-aspect-ratio"><div class="wp-block-embed__wrapper">
<iframe loading="lazy" title="Les Ailes de Bourgogne  - Hand&#039;Icare" width="640" height="360" src="https://www.youtube.com/embed/0jgsDOJvhMw?start=128&#038;feature=oembed" frameborder="0" allow="accelerometer; autoplay; clipboard-write; encrypted-media; gyroscope; picture-in-picture; web-share" referrerpolicy="strict-origin-when-cross-origin" allowfullscreen></iframe>
</div><figcaption class="wp-element-caption">Chatillon sur Seine</figcaption></figure>



<figure class="wp-block-embed is-type-video is-provider-youtube wp-block-embed-youtube wp-embed-aspect-16-9 wp-has-aspect-ratio"><div class="wp-block-embed__wrapper">
<iframe loading="lazy" title="Les Ailes de Bourgogne - Handi&#039;Icare" width="640" height="360" src="https://www.youtube.com/embed/-nOZPKx_hqc?start=101&#038;feature=oembed" frameborder="0" allow="accelerometer; autoplay; clipboard-write; encrypted-media; gyroscope; picture-in-picture; web-share" referrerpolicy="strict-origin-when-cross-origin" allowfullscreen></iframe>
</div><figcaption class="wp-element-caption">Village Famille Répis et l&rsquo;AFM</figcaption></figure>



<figure class="wp-block-embed is-type-video is-provider-youtube wp-block-embed-youtube wp-embed-aspect-16-9 wp-has-aspect-ratio"><div class="wp-block-embed__wrapper">
<iframe loading="lazy" title="Hand&#039;Icare, les ailes de bourgogne" width="640" height="360" src="https://www.youtube.com/embed/jx9i7EaL3F0?feature=oembed" frameborder="0" allow="accelerometer; autoplay; clipboard-write; encrypted-media; gyroscope; picture-in-picture; web-share" referrerpolicy="strict-origin-when-cross-origin" allowfullscreen></iframe>
</div><figcaption class="wp-element-caption">Un focus sur la technique</figcaption></figure>



<p><span style="color:#ffffff" class="has-inline-color"></span><span style="color:#ffffff" class="has-inline-color">parapente dijon bourgogne côte d&rsquo;or handicap ffvl hand&rsquo;icare</span></p>

<p>Ces vidéos ont été montées avec des images prises lors des opérations Chouette Envol. A consommer sans modération !</p>
